-4?
1522603
In base 14, what is -35c6 + -27a6?
-5d8c
In base 2, what is -11 - -100001010111101000001010?
100001010111101000000111
In base 11, what is 1245213 + 135?
1245348
In base 16, what is 4 - 1122b570?
-1122b56c
In base 8, what is 10274624 - 37?
10274565
In base 3, what is 220101221 - 1222110?
211102111
In base 12, what is a3a203b - 2?
a3a2039
In base 6, what is 1511553450 - -3?
1511553453
In base 9, what is -572387127 - 2?
-572387130
In base 13, what is -2 + -219a3244?
-219a3246
In base 4, what is 331002 - 13023130?
-12032122
In base 7, what is -4223065624 - 5?
-4223065632
In base 15, what is 972ae + 5?
972b4
In base 16, what is 596efe + 3?
596f01
In base 13, what is 799 - -3b10?
45a9
In base 9, what is 1883 + -22231?
-20237
In base 7, what is -104326334 - -2?
-104326332
In base 9, what is 1253608 + 17?
1253626
In base 13, what is 9823b + -c5?
98146
In base 16, what is 22 + 26676b?
26678d
In base 14, what is -1 + 17d963b?
17d963a
In base 12, what is -1a353 - 84?
-1a417
In base 3, what is 1110010212020 + -112212?
1110010022101
In base 7, what is 56 + 1135655?
1136044
In base 16, what is 103f + -17?
1028
In base 6, what is 23 - 45521232?
-45521205
In base 10, what is 471 + -25513?
-25042
In base 4, what is 1012202002 + -2313?
1012133023
In base 4, what is 22 + -210321013101?
-210321013013
In base 13, what is 1c9ba + 1006?
209c3
In base 11, what is 1a245 + -119a?
19056
In base 7, what is 10630 - 1021?
6606
In base 6, what is 2140 + 110043231?
110045411
In base 3, what is 110011200020022 + -121?
110011200012201
In base 9, what is -338436 + 84?
-338342
In base 8, what is 632 - -40204?
41036
In base 6, what is -1511501 - -241?
-1511220
In base 8, what is -136 - -137715?
137557
In base 16, what is 14892e7 - -1?
14892e8
In base 13, what is 4 - 1bb6696?
-1bb6692
In base 13, what is -5 - 3cab88?
-3cab90
In base 10, what is -895 + 44062?
43167
In base 9, what is -163 - -2328622?
2328448
In base 12, what is -655872 + -27?
-655899
In base 7, what is -1363016215 + -4?
-1363016222
In base 16, what is -a7576 - 1ba?
-a7730
In base 13, what is -6557b3b + 0?
-6557b3b
In base 16, what is dd60c + -2b?
dd5e1
In base 2, what is 1001110000110110100010 + -1110111?
1001110000110100101011
In base 16, what is -860 + -2605?
-2e65
In base 9, what is 3005172 - 11?
3005161
In base 8, what is -501 + 2333441?
2332740
In base 13, what is 5 + 11618364?
11618369
In base 11, what is 0 - 2119572?
-2119572
In base 16, what is -2 - f4a1798?
-f4a179a
In base 5, what is 11041 + -13340?
-2244
In base 7, what is -2015501 - 46?
-2015550
In base 5, what is -1324440 + 0?
-1324440
In base 16, what is -2c8984 + -17?
-2c899b
In base 2, what is -1000110001000011 - -10010110100?
-1000011110001111
In base 2, what is 10000 - 100011000111100000011010?
-100011000111100000001010
In base 14, what is -362795 - -3?
-362792
In base 9, what is -11023 + -163864?
-174887
In base 8, what is -456741 + 47?
-456672
In base 5, what is -4 - 13010002233?
-13010002242
In base 9, what is 4 - -48710605?
48710610
In base 16, what is -3aad + 6213?
2766
In base 13, what is -285c59 - -88?
-285ba1
In base 12, what is -4 - -1249341a?
12493416
In base 11, what is 223 + -81167?
-80a44
In base 15, what is -12cb72 + -99?
-12cc1b
In base 2, what is 110100 - -1001010010011011010100?
1001010010011100001000
In base 4, what is 100210322100 + 10?
100210322110
In base 16, what is 4e60 + -3b2b?
1335
In base 13, what is 704712 + 5?
704717
In base 8, what is -4502347 - 2?
-4502351
In base 14, what is 5 + 71abd1?
71abd6
In base 10, what is -1096 - -131815?
130719
In base 2, what is 1000101010001011011 - 10011?
1000101010001001000
In base 5, what is 40412 + -102340?
-11423
In base 3, what is -200211220110110 - 1?
-200211220110111
In base 13, what is -ac83 - 3626?
-115a9
In base 15, what is 27ac + e9b?
3758
In base 15, what is -e291 - 495?
-e736
In base 9, what is -10 - 65040751?
-65040761
In base 4, what is -3223 + -33323311?
-33333200
In base 2, what is 111110100111001 + 1000111111?
111111101111000
In base 8, what is -105630 + -717?
-106547
In base 14, what is 6b7 + -72c89?
-725b2
In base 15, what is -10356 - -12c?
-10229
In base 11, what is -4 + 2309a27?
2309a23
In base 14, what is a3378d40 + 1?
a3378d41
In base 15, what is -1b9b26 + -7?
-1b9b2d
In base 13, what is -22499a - -a?
-224990
In base 6, what is 0 - -3341012131?
3341012131
In base 9, what is -727340 - 33?
-727373
In base 13, what is 33aca8b18 - 4?
33aca8b14
In base 2, what is 1010111111110101100000000011 - 1001?
1010111111110101011111111010
In base 14, what is 4 + -1b69483?
-1b6947d
In base 10, what is 18047977 + 28?
18048005
In base 13, what is -1 + -1403865?
-1403866
In base 12, what is -3 + 2a41921?
2a4191a
In base 12, what is -3 + -830914?
-830917
In base 2, what is -1111010111111 - 1000?
-1111011000111
In base 14, what is 5 - -24a5b7?
24a5bc
In base 12, what is 10a694 - -23?
10a6b7
In base 3, what is -11011112220110112 + 121?
-11011112220102221
In base 12, what is -18a555 + 75?
-18a4a0
In base 16, what is 330aeb6f - 0?
330aeb6f
In base 14, what is 1 - 97d5bb?
-97d5ba
In base 12, what is 5b66a - 325?
5b345
In base 8, what is -3 + 233677235?
233677232
In base 16, what is -1 + -7e765?
-7e766
In base 4, what is 30310310320 + -1?
30310310313
In base 11, what is 59530325 + 3?
59530328
In base 5, what is 11211043 - 0?
11211043
In base 13, what is 33 + -9675c?
-96729
In base 14, what is -3d9 - 29d99?
-2a394
In base 9, what is 0 - 3535841?
-3535841
In base 16, what is 37 - -288f0?
28927
In base 8, what is 5 + -367425041?
-367425034
In base 10, what is 127072443 - -4?
127072447
In base 13, what is -b9053 + 3c9?
-b8957
In base 7, what is -3512626 - -23?
-3512603
In base 3, what is -11002002012 + -1011?
-11002010100
In base 16, what is 25bc - -510?
2acc
In base 8, what is 110320 - 1027?
107271
In base 8, what is 1677660 + -166?
1677472
In base 6, what is 140 + 34124313?
34124453
In base 3, what is 110202 - -1012022110?
1012210012
In base 13, what is 2 - 8a7578?
-8a7576
In base 13, what is -20 - -915167?
915147
In base 14, what is -60 + d3524?
d34a4
In base 2, what is 10101111 + -1110111011001010?
-1110111000011011
In base 9, what is -73335754 + 4?
-73335750
In base 2, what is -1 + -10111010010000011111000?
-10111010010000011111001
In base 16, what is -85 - 18d276?
-18d2fb
In base 3, what is -122020022 + 102222?
-121210100
In base 11, what is -9a2287 - 2?
-9a2289
In base 14, what is -198 + a7c93?
a7ad9
In base 10, what is 4773681 - 10?
4773671
In base 9, what is 571555037 + 3?
571555041
In base 10, what is -869 - 5863?
-6732
In base 3, what is 1112021001211011 - -12?
1112021001211100
In base 7, what is 205616 + 523?
206442
In base 6, what is 4 + -440224301?
-440224253
In base 10, what is 4 - 56690028?
-56690024
In base 13, what is 1 - -226b7b46?
226b7b47
In base 6, what is -22534503 - 1252?
-22540155
In base 5, what is 101312414001 - 30?
101312413421
In base 9, what is -1280305 - -13?
-1280282
In base 16, what is 4 - 7e7fca?
-7e7fc6
In base 12, what is 1304ab8 - 70?
1304a48
In base 4, what is -10 + 11310002011222?
11310002011212
In base 3, what is -2001200 - -2022202?
21002
In base 4, what is 10 - -3023111001232?
3023111001302
In base 2, what is 1100100 - 10101001011010111110001?
-10101001011010110001101
In base 15, what is -d1908 + -1a?
-d1923
In base 8, what is -302751 + -337?
-303310
In base 13, what is -52cb62c - -5?
-52cb627
In base 9, what is 685 + -122611?
-121815
In base 2, what is -10 - -10011000101010000001100?
10011000101010000001010
In base 2, what is -1001001001000111001000010 + -11?
-1001001001000111001000101
In base 7, what is 436 - 2206356?
-2205620
In base 7, what is -24 + 606314446?
606314422
In base 9, what is -4 + 64572713?
64572708
In base 6, what is -21 - -12041403?
12041342
In base 15, what is 1 + c4d410?
c4d411
In base 5, what is 2232413 + 1204?
2234122
In base 12, what is 10710 + -55?
10677
In base 8, what is -20442 + 15611?
-2631
In base 15, what is d + 63d62?
63d70
In base 10, what is 2 - -21102884?
21102886
In base 15, what is -17 - -771c?
7705
In base 12, what is -20 + b8064?
b8044
In base 6, what is 541115 - -225441?
1211000
In base 4, what is -10001002 + -11133210?
-21200212
In base 15, what is 2 - 19b044?
-19b042
In base 16, what is -29af - -